3))*-3. Let m be 1 - -1 - (s - -2). Let f(v) = 6*v**2 + v - 1. List the prime factors of f(m).
2, 3
Let v be (0 - -1 - -1)*-9. Let n be -3*3/(-9)*v. List the prime factors of 2/9 - 248/n.
2, 7
Let b(n) = 25*n**2 - 2*n - 1. List the prime factors of b(-1).
2, 13
Suppose -4*w + 3*y + 122 = 0, 45 = -4*w - 4*y + 181. Suppose 0*k = 2*k - 4*r - w, 0 = -3*k + 3*r + 36. What are the prime factors of k?
2
Suppose -8 = 14*v - 16*v. Suppose -6*z = v*x - 3*z - 87, 110 = 5*x + 4*z. What are the prime factors of x?
2, 3
Suppose -2*p - 4 = -3*p. Suppose -4*t + z = 2*z - 17, 3*z + p = -t. Suppose 0 = -0*u - t*u + 45. What are the prime factors of u?
3
Let l = 35 + -24. Let k = l + -9. Suppose 62 = 4*o - 2*c, -2*o = k*c - 5*c - 25. What are the prime factors of o?
17
Let y(d) = -d**2 - 5*d - 1. Let o = 3 + -6. Let r be y(o). Suppose r*h = -0*h + 30. List the prime factors of h.
2, 3
Suppose 5*f + 3*v + 169 = 499, 4*f + 4*v - 256 = 0. Let u = f + -35. List the prime factors of u.
2, 17
Let w = 2 - 2. Let c = w + 15. List the prime factors of (-1 + -2)/(c/(-25)).
5
Let t(a) = a**2 - 10*a + 2. Let g be t(10). Suppose 36 = d + g*d. List the prime factors of d.
2, 3
Let d = -41 + 96. List the prime factors of d.
5, 11
Let q(f) = 4*f**2 + 9*f + 2. List the prime factors of q(-6).
2, 23
Suppose 0 = 4*f - 0*f - 156. List the prime factors of f.
3, 13
Suppose t - 10 = 1. List the prime factors of t.
11
Let y(q) be the third derivative of -q**6/120 - q**5/60 + q**4/24 - q**3/6 - 4*q**2. Let u be y(0). What are the prime factors of (-18)/(4 + -2)*u?
3
Suppose v - 2*v = 2. Let d be (3/(-4) - v)*32. Suppose 0 = -0*o - 4*o + d. What are the prime factors of o?
2, 5
Let f(i) = -2*i**2 - 2*i - i**3 - i - 3*i**2. List the prime factors of f(-5).
3, 5
Suppose 2*x = -3*s - 0*s - 38, 3*s = -3*x - 57. Suppose -2*r - 3*r + 150 = 0. Let n = x + r. What are the prime factors of n?
11
Suppose -13 = 9*k - 850. List the prime factors of k.
3, 31
Let t(d) = -d**3 + 6*d**2. Let z be t(6). Suppose k - 2*k + 36 = z. List the prime factors of k.
2, 3
Let d(m) = -m + 0*m + 2*m. Let c be d(-5). Let t = 15 + c. List the prime factors of t.
2, 5
Suppose 6*j - 3*j = 18. Let u be (-105)/j*24/(-10). Suppose 6*t - 3*t = u. What are the prime factors of t?
2, 7
Let i(h) = 1 + 3*h - 7*h - 1. What are the prime factors of i(-3)?
2, 3
Let p(i) = -i**3 - 5*i**2 + 7*i + 8. Let j be p(-6). Let b be 6/(1 + (-3)/12). Suppose 0 = r + j*h - 0*h, 3*r - b = 2*h. List the prime factors of r.
2
Suppose 0*i + 3*i = 0. Suppose -w - 4*c - 12 = i, 0*c + 8 = w - c. Suppose -3*l = -w*b - 32, -14 = -l + 5*b - 2*b. What are the prime factors of l?
2
Let w = 10 + 11. Let m = w - 10. List the prime factors of m.
11
Suppose 4*c + 98 = p, -3*p + 2*c - 13 = -337. What are the prime factors of p?
2, 5, 11
Let x(z) = -z**3 - 9*z**2 - 9*z - 3. Let v = 5 - 13. List the prime factors of x(v).
5
Let k(x) = 8*x**2 + 0 - 1 + 10*x + 2 - x**3. Let b be 10 - (0 - -2)/2. What are the prime factors of k(b)?
2, 5
Let t be (-3 - -5)/(-2) - -41. Suppose 0 = -p - 2*q + 24, 2*p + q - t = -q. What are the prime factors of p?
2
Let x = -332 + 515. What are the prime factors of x?
3, 61
Suppose 11 = 2*a + 3*x, -4*a + 0*a = -5*x - 11. Suppose -z - s = z - 3, -a = -z - 3*s. Let c(k) = 6*k**3 + k**2 - k + 1. What are the prime factors of c(z)?
7
Let s(u) = -u**3 - 8*u**2 + 2*u - 10. Let y be s(-8). What are the prime factors of (-4)/y + 852/39?
2, 11
Let a(c) = -c**2 - 10*c - 8. Let w be a(-8). Suppose 38 - w = 3*j. List the prime factors of j.
2, 5
List the prime factors of (-174)/(-4)*28/14.
3, 29
Let h = -95 + 228. List the prime factors of h.
7, 19
Let j(f) = 2*f + 11. Let r be j(-5). What are the prime factors of 71/2 + r/2?
2, 3
What are the prime factors of (29/(-2))/((-6)/12)?
29
Let v be ((-1 - 1) + 0)*5. Let m = v - -20. What are the prime factors of m?
2, 5
Let b(o) = -5*o - 3. Let f be b(-3). List the prime factors of 8/f + 22/3.
2
Suppose -10 = -u - 4*n, 3*n - 2*n = -2*u + 41. Let y = -7 + u. What are the prime factors of y?
3, 5
Let q(m) = 4*m - 11. Let o be q(-10). Let u = -35 - o. List the prime factors of u.
2
Let y be 1 + (-1)/1*1. Suppose y = -o - o. Suppose -3*i - i + 16 = o. What are the prime factors of i?
2
Suppose h - 5*j = -7, 2*h + j = -2*h + 14. What are the prime factors of h/(3*2/56)?
2, 7
Let k(r) = 4*r**3 - r**2 - 2*r + 2. Let j be (-4)/(-14) + (-24)/(-14). Let h be k(j). Let m = 36 - h. List the prime factors of m.
2, 5
Let g = 235 - 84. What are the prime factors of g?
151
Let v(k) = -k**3 + 7*k**2 - 8*k + 7. Suppose -4*i = -2*m + i + 25, i - 12 = -3*m. What are the prime factors of v(m)?
17
Let p be 2*(-2)/(-4) - -3. Suppose -p*h - 5*r + 45 = h, 3*h - 2*r = 22. What are the prime factors of h?
2
Let f be (-2)/(-6) - 33/(-9). Suppose 4*y - 4 = f. List the prime factors of y.
2
Suppose -6*p + 4 + 8 = 0. Suppose -p*m - 9 + 33 = 0. What are the prime factors of m?
2, 3
Let x be 6/(4*(-2)/(-20)). Suppose 0 = -3*b + i + x, -4*b + 3*i - 2*i = -21. List the prime factors of b.
2, 3
Suppose 10*k - 4*k - 1338 = 0. List the prime factors of k.
223
Suppose -3 = 5*q - 133. What are the prime factors of q?
2, 13
Let s = -20 + 96. List the prime factors of s.
2, 19
Let g = 2 - 4. What are the prime factors of 30*g*2/(-3)?
2, 5
Suppose 7*o - 84 = 5*o. What are the prime factors of o?
2, 3, 7
Let n be (-90)/(-4)*4/5. Suppose n = 2*i - 3*f, -i - 2*f + f + 9 = 0. List the prime factors of i.
3
Suppose -1160 = 32*d - 36*d. What are the prime factors of d?
2, 5, 29
Let p = 3 - 3. List the prime factors of 6 + 34 + 1 + p.
41
Let t = -37 + 93. What are the prime factors of t?
2, 7
Let s be (-3)/(-2) - (-2)/4. Suppose -s*j - 2*w + 52 = 0, 0 = -3*j + j + 4*w + 52. List the prime factors of j.
2, 13
Let t(o) = -6 + 14 + o - 2*o. Let x be t(6). Suppose x*i = a - 8, -2 = -3*a - i + 29. What are the prime factors of a?
2, 5
Let s(j) = -j**3 - 9*j**2 + 8*j + 12. Let u be s(-10). Let z = u + -22. List the prime factors of z.
2, 5
Let g(a) = 20*a + 2. Suppose -19 = -5*c - 9. What are the prime factors of g(c)?
2, 3, 7
Suppose 3*b = 6*b - 441. List the prime factors of b.
3, 7
Let s(g) = 2*g - 7. Let u be s(6). Let w(n) = 2*n**2 - 6*n - 5. What are the prime factors of w(u)?
3, 5
Let c(f) = 6*f**2 + 0*f**3 + 4*f + f**2 - f**3 + 3 + 2*f**3. What are the prime factors of c(-6)?
3, 5
Suppose 0 = -f - 4*h + 25, h + 5 = 3*f - h. Let w(n) be the second derivative of n**4/12 - n**3/3 - 3*n**2 + n. List the prime factors of w(f).
3
Let q be (-42)/(-15) + 2/10. Suppose q = 4*s - 5*j, 0 = -s + 4*j - 9 - 4. What are the prime factors of s?
7
Suppose -2*h + 3*m = h - 345, 5*h - 4*m - 570 = 0. Suppose -3*p = -8*p - h. What are the prime factors of (5 + -3)/((-4)/p)?
11
Suppose 4*r - 117 = -5*v, -3*r - 47 - 59 = -4*v. Let j be (-12)/9*(-30)/4. Suppose 2 = -4*s - 5*u + v, -2*s - 2*u + j = 0. What are the prime factors of s?
2
Let d = 0 + 5. Suppose -11 = -k + d. List the prime factors of k.
2
Suppose 5*f - c - 210 = -6*c, -3*c + 6 = 0. Suppose -3*b + b = -f. What are the prime factors of b?
2, 5
Let f = -5 + 7. List the prime factors of f.
2
Suppose -26 = -4*k + 6. Let f = k + 17. List the prime factors of f.
5
Suppose -20 = 4*g - 8*g. Suppose -2*h = 3*k - 35, g*h + 22 - 87 = -5*k. What are the prime factors of k?
3
Let p(x) = x - 4. Let y be p(-3). Let a = 15 + y. What are the prime factors of a?
2
Suppose 0 = -2*a + 14 + 72. What are the prime factors of a?
43
Let u(o) = o**3 + 5*o**2 + 3*o. Let s be u(-4). Suppose -3*q + s*z + 37 = -49, -5*q - 5*z + 190 = 0. What are the prime factors of q?
2, 17
Let j = -10 - -15. Suppose -4*n = -4*t + 13 + 63, -j*t + 119 = n. What are the prime factors of t?
23
Suppose -2*g = -5*l + 310, 4*l + 2*g + 0*g - 248 = 0. Suppose -5*c + 17 - l = 0. What are the prime factors of (-2 - -1) + (3 - c)?
11
Let q(r) = r**3 - 6*r**2 - 8*r + 10. List the prime factors of q(8).
2, 37
Let j = -22 - -7. Let h = j - -19. List the prime factors of h.
2
Let z = 48 - 9. List the prime factors of z.
3, 13
Let x be ((-4)/8)/((-2)/16). Suppose -17 + 5 = -x*t. Let p(s) = 2*s**2 - 3*s - 3. What are the prime factors of p(t)?
2, 3
Let u be (-3 + 5)/2*12. Suppose -6*w + 3*w + u = 0. Suppose 4*g + 2*b - 62 = 0, w*g + b - 37 = 26. List the prime factor